hat is the thousands digit of 123248?
3
What is the units digit of 23629?
9
What is the thousands digit of 2828?
2
What is the ten thousands digit of 85433?
8
What is the hundreds digit of 147051?
0
What is the units digit of 5609?
9
What is the units digit of 36364?
4
What is the thousands digit of 2679?
2
What is the hundreds digit of 5044?
0
What is the tens digit of 3966?
6
What is the tens digit of 1764?
6
What is the units digit of 19321?
1
What is the tens digit of 1443?
4
What is the tens digit of 1198?
9
What is the hundreds digit of 1384?
3
What is the hundreds digit of 158?
1
What is the hundreds digit of 6581?
5
What is the hundreds digit of 1855?
8
What is the tens digit of 8352?
5
What is the thousands digit of 63730?
3
What is the hundreds digit of 244?
2
What is the hundreds digit of 781?
7
What is the thousands digit of 1694?
1
What is the hundreds digit of 11825?
8
What is the hundreds digit of 1862?
8
What is the hundreds digit of 509?
5
What is the units digit of 6486?
6
What is the thousands digit of 5913?
5
What is the tens digit of 699?
9
What is the ten thousands digit of 10893?
1
What is the hundreds digit of 4318?
3
What is the thousands digit of 48466?
8
What is the hundreds digit of 40369?
3
What is the units digit of 1539?
9
What is the tens digit of 7599?
9
What is the units digit of 5753?
3
What is the units digit of 20225?
5
What is the tens digit of 2065?
6
What is the hundreds digit of 5908?
9
What is the tens digit of 110?
1
What is the hundreds digit of 39486?
4
What is the thousands digit of 28142?
8
What is the thousands digit of 1492?
1
What is the units digit of 39366?
6
What is the units digit of 671?
1
What is the ten thousands digit of 76694?
7
What is the units digit of 20145?
5
What is the hundreds digit of 99361?
3
What is the tens digit of 11871?
7
What is the thousands digit of 1009?
1
What is the thousands digit of 16363?
6
What is the thousands digit of 1293?
1
What is the units digit of 8900?
0
What is the tens digit of 743?
4
What is the thousands digit of 166031?
6
What is the tens digit of 9411?
1
What is the tens digit of 10848?
4
What is the units digit of 10696?
6
What is the units digit of 35009?
9
What is the thousands digit of 66407?
6
What is the thousands digit of 5483?
5
What is the tens digit of 50?
5
What is the tens digit of 4387?
8
What is the thousands digit of 28212?
8
What is the tens digit of 54953?
5
What is the ten thousands digit of 28822?
2
What is the units digit of 2666?
6
What is the tens digit of 4735?
3
What is the hundreds digit of 209?
2
What is the thousands digit of 14551?
4
What is the tens digit of 474?
7
What is the units digit of 5452?
2
What is the thousands digit of 8036?
8
What is the ten thousands digit of 90858?
9
What is the hundreds digit of 738?
7
What is the tens digit of 944?
4
What is the thousands digit of 62671?
2
What is the units digit of 1916?
6
What is the ten thousands digit of 76653?
7
What is the tens digit of 3808?
0
What is the units digit of 12265?
5
What is the units digit of 4520?
0
What is the thousands digit of 8102?
8
What is the thousands digit of 22497?
2
What is the units digit of 3990?
0
What is the units digit of 580?
0
What is the units digit of 123109?
9
What is the hundreds digit of 831?
8
What is the units digit of 2323?
3
What is the thousands digit of 99227?
9
What is the units digit of 1657?
7
What is the thousands digit of 5317?
5
What is the units digit of 5023?
3
What is the units digit of 93187?
7
What is the units digit of 1206?
6
What is the ten thousands digit of 15333?
1
What is the hundreds digit of 3637?
6
What is the hundreds digit of 13142?
1
What is the units digit of 37327?
7
What is the tens digit of 205?
0
What is the thousands digit of 5260?
5
What is the units digit of 1453?
3
What is the units digit of 14590?
0
What is the ten thousands digit of 109881?
0
What is the thousands digit of 14218?
4
What is the tens digit of 14070?
7
What is the hundreds digit of 1179?
1
What is the hundreds digit of 15191?
1
What is the units digit of 1095?
5
What is the thousands digit of 76596?
6
What is the thousands digit of 2023?
2
What is the hundreds digit of 1885?
8
What is the tens digit of 9248?
4
What is the thousands digit of 53902?
3
What is the tens digit of 2642?
4
What is the tens digit of 41?
4
What is the units digit of 854?
4
What is the tens digit of 32577?
7
What is the units digit of 3451?
1
What is the units digit of 3702?
2
What is the hundreds digit of 10077?
0
What is the units digit of 17?
7
What is the hundreds digit of 393?
3
What is the thousands digit of 70245?
0
What is the thousands digit of 2567?
2
What is the thousands digit of 5621?
5
What is the hundreds digit of 867?
8
What is the tens digit of 943?
4
What is the thousands digit of 2160?
2
What is the tens digit of 3833?
3
What is the thousands digit of 111891?
1
What is the hundreds digit of 3583?
5
What is the hundreds digit of 24687?
6
What is the units digit of 235?
5
What is the units digit of 18569?
9
What is the thousands digit of 6295?
6
What is the tens digit of 10516?
1
What is the units digit of 721?
1
What is the ten thousands digit of 99380?
9
What is the units digit of 29256?
6
What is the tens digit of 331?
3
What is the thousands digit of 1025?
1
What is the thousands digit of 41849?
1
What is the units digit of 3205?
5
What is the tens digit of 48227?
2
What is the units digit of 44209?
9
What is the ten thousands digit of 28856?
2
What is the thousands digit of 9124?
9
What is the thousands digit of 1546?
1
What is the tens digit of 13387?
8
What is the tens digit of 2819?
1
What is the units digit of 1994?
4
What is the hundreds digit of 1293?
2
What is the units digit of 1151?
1
What is the thousands digit of 2990?
2
What is the units digit of 800?
0
What is the hundreds digit of 964?
9
What is the hundreds digit of 59250?
2
What is the tens digit of 5702?
0
What is the units digit of 928?
8
What is the tens digit of 2161?
6
What is the tens digit of 1979?
7
What is the ten thousands digit of 20442?
2
What is the tens digit of 17023?
2
What is the tens digit of 1803?
0
What is the thousands digit of 7323?
7
What is the tens digit of 519?
1
What is the thousands digit of 65893?
5
What is the units digit of 9607?
7
What is the tens digit of 761?
6
What is the units digit of 838?
8
What is the ten thousands digit of 95924?
9
What is the units digit of 18584?
4
What is the thousands digit of 3937?
3
What is the thousands digit of 124946?
4
What is the units digit of 1612?
2
What is the hundreds digit of 17357?
3
What is the ten thousands digit of 31202?
3
What is the tens digit of 7280?
8
What is the ten thousands digit of 25658?
2
What is the tens digit of 80?
8
What is the ten thousands digit of 12591?
1
What is the tens digit of 145?
4
What is the units digit of 5811?
1
What is the units digit of 9309?
9
What is the hundreds digit of 22110?
1
What is the hundreds digit of 1033?
0
What is the hundreds digit of 911?
9
What is the units digit of 20064?
4
What is the units digit of 899?
9
What is the hundreds digit of 21476?
4
What is the tens digit of 399?
9
What is the units digit of 839?
9
What is the tens digit of 773?
7
What is the units digit of 723?
3
What is the hundreds digit of 11556?
5
What is the hundreds digit of 11026?
0
What is the tens digit of 44227?
2
What is the thousands digit of 133897?
3
What is the units digit of 94580?
0
What is the hundreds digit of 642?
6
What is the ten thousands digit of 61873?
6
What is the ten thousands digit of 12574?
1
What is the thousands digit of 27724?
7
What is the units digit of 649?
9
What is the units digit of 447?
7
What is the ten thousands digit of 13589?
1
What is the units digit of 1983?
3
What is the tens digit of 6826?
2
What is the tens digit of 20364?
6
What is the units digit of 1079?
9
What is the hundreds digit of 26638?
6
What is the thousands digit of 2240?
2
What is the hundreds digit of 11482?
4
What is the thousands digit of 6991?
6
What is the units digit of 13192?
2
What is the tens digit of 944?
4
What is the units digit of 3423?
3
What is the tens digit of 3637?
3
What is the ten thousands digit of 13912?
1
What is the hundreds digit of